12)) - -133. Calculate the highest common divisor of z and 15.
15
Suppose -9*a + 11*a = 4*p - 454, -5*p = -a - 569. What is the highest common factor of p and 9633?
57
Let k be ((-325)/225)/((-1)/9). Let s be k/65 - 2337/(-15). What is the highest common divisor of 260 and s?
52
Let q = 874 + -264. Calculate the highest common divisor of 60 and q.
10
Let c(q) = -2*q**3 - 4 - 25*q**2 + 14 - 3*q - 7*q - q. Let p be c(-12). Let l = p + 8. Calculate the highest common factor of l and 12.
6
Let b(q) = 2*q**2 - 3*q - 2. Let g be b(-2). Suppose -z = 4*x + 5, -z + 6*z = 3*x + 21. Calculate the highest common factor of z and g.
3
Suppose -197 - 10 = -3*y + 5*o, -4*y - 4*o + 276 = 0. What is the greatest common factor of 4899 and y?
69
Let o be (5 - 7 - 2 - -16) + 1. Suppose 729 = o*v - 10*v. Suppose 0 = 4*q - 12, -3*s = 4*q - q - 90. Calculate the greatest common divisor of v and s.
27
Let m = 92 + -88. Let h be 1 + (0 + 124)/m. What is the highest common factor of h and 28?
4
Let l(o) = 3*o**2 + 167*o + 1168. Let r be l(-48). Calculate the greatest common divisor of 19904 and r.
64
Suppose 162*w - 31*w - 282 = 84*w. Calculate the highest common factor of w and 1878.
6
Let p(i) = i**3 + 3*i**2 - 8 + 2 - 2*i**2 + 23*i - 9*i - 9*i**2. Let s be p(6). Calculate the highest common factor of 78 and s.
6
Let z be (-216)/96 - (-1362)/8. What is the greatest common factor of 273 and z?
21
Let z = -322 + 327. Suppose -5*g - z*u + 107 = -8*u, 3*u = -5*g + 83. Calculate the highest common divisor of 5 and g.
1
Let a = 4162 + -4012. Calculate the highest common factor of a and 3050.
50
Suppose 348 + 312 = 33*n. Calculate the greatest common divisor of n and 1010.
10
Let j(w) = -w**2 - 7*w - 8. Let o be j(-6). Let t be 2 + 35 + o - 1. Let g be (2/3 - 1)/((-73)/18615). What is the highest common divisor of t and g?
17
Suppose 2*n - 8976 = -20*n. Suppose n = 32*q - 20*q. Calculate the highest common factor of q and 391.
17
Suppose -5*c + 10*c = -15. Let v be c + 26 + -1 + -3. Let b(f) = 3*f**2 + 10*f + 30. Let g be b(-4). Calculate the greatest common divisor of g and v.
19
Let m(z) = 353*z - 75. Let t be m(2). Let g = -598 + t. What is the greatest common factor of g and 759?
33
Suppose 14*q + 14 = 21*q. Suppose -2*z + 4*y - 11344 = 0, q*z + 2*y = y - 11339. Let c be 20/6*(z/25)/(-7). What is the greatest common divisor of 12 and c?
12
Let l = 45 - 61. Let s = l - -3. Let c(b) = b**2 + 10*b - 16. Let w be c(s). What is the highest common factor of 207 and w?
23
Let b(q) = 10*q**2 - 261*q - 1310. Let j be b(-5). Suppose 3*n - 70 = 2*n. What is the highest common factor of j and n?
35
Let g = 194 - -324. Let s = 525 - g. Let q(w) = 6*w - 4. Let z be q(3). What is the highest common factor of s and z?
7
Suppose -2*s + 0 - 178 = -4*k, 0 = -4*k + 3*s + 179. Calculate the greatest common divisor of k and 36.
4
Suppose h = 3*l + 7, -11*h + 14*h = 2*l + 42. Let s(w) = 28*w**2 - w + 7. Let p be s(3). Calculate the highest common divisor of h and p.
16
Let m = 127 - 99. Calculate the highest common divisor of m and 64.
4
Let t be ((-51)/102)/(2/(-23 + -1)). Let i(p) = 2*p**3 - 76*p**2 - p + 56. Let o be i(38). What is the highest common factor of t and o?
6
Let b = 613 - -606. Suppose 7*a + 860 = -b. Let q = -137 - a. What is the greatest common divisor of q and 16?
16
Suppose 0*t - o - 274 = -t, -4*o + 20 = 0. Let b be (18/(-10))/(12/(-10) + 1). Calculate the highest common factor of t and b.
9
Let m be (221/3)/((-18)/(-162)). Calculate the greatest common factor of m and 102.
51
Let j be -6*(4 - (-48)/(-9)). Let h(d) = d**3 - 9*d**2 + 8*d + 7. Let l be h(j). Let r be -3 + 7 - (-5 - l). What is the greatest common divisor of 48 and r?
16
Let p = -36344 - -36360. What is the greatest common divisor of 1884 and p?
4
Let k = -75 + 170. Let x = k - 45. Suppose -x*h + 49*h = -15. Calculate the highest common factor of 135 and h.
15
Let l be 3528 - (-3)/((-60)/(-48) + 2/(-8)). Calculate the highest common factor of l and 132.
33
Suppose 2*y = 5*x - 77, 2*x - 3*y - 18 = 4. Suppose -122 = -t - x. What is the highest common divisor of 21 and t?
21
Suppose 2*f + l - 50 = 99, 4*l = f - 79. What is the greatest common factor of 425 and f?
25
Let j(u) = -31*u - 1417. Let a be j(-47). What is the highest common factor of 770 and a?
10
Let z be (-6)/3*(-3 - -2). Suppose -z*q - 27 = -3*y, -3*q + 2*y - 34 = q. Let j be q*6*2/((-6)/3). Calculate the highest common divisor of j and 72.
36
Let t be (-2834)/(-13) + (-39)/3. What is the greatest common divisor of t and 287?
41
Let t(c) = c**2 + 7*c - 10. Let m be t(-10). Let p be (-1)/4 + (-258)/(-8). Calculate the highest common factor of p and m.
4
Let f(i) = -16*i - 23. Let d be f(-10). Let a = 167 - d. What is the highest common factor of a and 120?
30
Let g(j) = 7*j**2 - 126*j + 484. Let u be g(4). Calculate the highest common divisor of 138 and u.
46
Suppose -t - 4*t + 4*g - 44 = 0, 0 = -3*t + 4*g - 28. Let m be 792/126 + t/28. Calculate the highest common factor of 21 and m.
3
Let o = -2734 - -2857. Calculate the highest common factor of o and 697.
41
Suppose 55*r - 33610 - 28694 = 23826. What is the highest common factor of 216 and r?
54
Suppose 459 = 2*p + 5*f, -f + 36 = -p + 248. Let b be p/93 + (-2)/(-3). What is the greatest common factor of b and 1?
1
Suppose 78*o + 1910 = 5*f + 77*o, 0 = -4*f + 4*o + 1528. What is the greatest common factor of 5539 and f?
191
Let l(h) = 6*h**2 - 337*h - 344. Let v be l(58). Let p(d) = -d**3 - 5*d**2 - 8*d. Let y be p(-6). Calculate the greatest common factor of y and v.
42
Let h(k) = 9*k**2 + 83*k - 236. Let v be h(-13). Calculate the highest common divisor of 19158 and v.
206
Suppose -4*s + 5*r = -645, 0 = -21*s + 23*s + 5*r - 315. Calculate the greatest common divisor of s and 64.
32
Let l = -122 - -203. Let b = l - 73. Suppose 27 = 5*u - b. What is the highest common divisor of 2 and u?
1
Let k(y) = -23*y - 45. Let a be k(-6). Suppose 43 + a = 3*s - n, -255 = -5*s - 4*n. What is the greatest common factor of 752 and s?
47
Let t be 28/(-56) - 1/((-4)/(-10)). Let d be t/((-1295)/(-260) - 5). What is the highest common divisor of 12 and d?
12
Let c = 27359 + -27290. Suppose 3*g + 3*i - 408 = 0, 2*g + i = 5*i + 284. What is the greatest common factor of g and c?
69
Let v(u) = 593*u**2 + 37*u - 128. Let i be v(3). What is the greatest common divisor of 840 and i?
280
Suppose i - 3*o - 11 = -6, -5*o - 9 = -2*i. Suppose r = d + 3*r - 45, i*d - 90 = 3*r. What is the highest common factor of d and 75?
15
Suppose -25*k = -24*k - 15. Suppose 3*m - 21 = 3*z - 75, -k = -3*m. What is the greatest common factor of 46 and z?
23
Suppose -23*k - 5*k = -8*k - 340. What is the highest common divisor of 187 and k?
17
Let n(a) = -50*a**2 - 4*a + 9. Let v be n(3). Let x = v - -480. Suppose -3*d + 106 = -0*z - z, 2*d = -z + 74. Calculate the highest common divisor of x and d.
9
Let b be 2/(-5) + -1 + 3924/(-15). Let a = 559 + b. Calculate the highest common factor of a and 37.
37
Suppose 3*i = -4*h + 1100, 4*i + 825 = 3*h + i. Let u be ((-1)/2)/(2/(-44)). What is the greatest common divisor of h and u?
11
Let m(t) = 6*t**2 - 2*t + 19. Let v be m(3). Suppose 4*o - 10*y = -15*y + 64, y = 3*o - v. Calculate the highest common divisor of o and 91.
7
Let f = 9478 - 682. Calculate the highest common factor of f and 36.
12
Suppose -56*h + 50*h = 168. Let b be ((-36)/h)/((-6)/(-28)). Calculate the highest common divisor of 6 and b.
6
Let c(m) = m**2 + 12. Let j be c(0). Suppose -u + 20 - 247 = 0. Let p = u + 257. What is the highest common divisor of j and p?
6
Suppose 4*r + 4192 + 590 = 2*x, 0 = -x - 4*r + 2439. What is the greatest common factor of 203 and x?
29
Let f be 60/(-30) + (7 - 0). Suppose -5*b + 183 + 157 = f*c, 0 = b - 3*c - 60. Calculate the greatest common factor of 88 and b.
22
Let o(p) = p + 14. Let d be o(-5). Suppose -39 = -25*s + 22*s. Suppose -432 = -s*k + 7*k. What is the greatest common divisor of k and d?
9
Let i be ((-9)/(-4))/(6/16) - 1. Suppose 0 = i*p + 7 - 57. What is the highest common divisor of 410 and p?
10
Suppose -2*r - 5*r = -196. Let p = 57 - r. Let i(d) = -261*d**3 - d**2 - 2*d - 1. Let j be i(-1). What is the highest common divisor of j and p?
29
Suppose 0 = -8*y + 1838 + 2498. Let l =